{"id":550865,"date":"2023-02-24T13:36:03","date_gmt":"2023-02-24T13:36:03","guid":{"rendered":"https:\/\/nexefundacio.org\/botiga\/llibre-cocina-sin-barreras\/"},"modified":"2023-10-02T14:45:00","modified_gmt":"2023-10-02T14:45:00","slug":"libro-cocina-sin-barreras","status":"publish","type":"product","link":"https:\/\/nexefundacio.org\/es\/botiga\/libro-cocina-sin-barreras\/","title":{"rendered":"LIBRO COCINA SIN BARRERAS (Descarga)"},"content":{"rendered":"<p><span class=\"jCAhz ChMk0b\"><span class=\"ryNqvb\">En Nexe Fundaci\u00f3 hemos recogido nuestra experiencia de m\u00e1s de 25 a\u00f1os en la innovaci\u00f3n de recetas adaptadas, saludables y sostenibles para la peque\u00f1a infancia con grandes necesidades de soporte que presenta disfagia.<\/span><\/span><\/p>\n<p><span class=\"jCAhz ChMk0b\"><span class=\"ryNqvb\">Para la elaboraci\u00f3n de este libro, hemos contado con la participaci\u00f3n del Dr.<\/span><\/span> <span class=\"jCAhz ChMk0b\"><span class=\"ryNqvb\">Pinillos, de Quir\u00f3n Salud, con un art\u00edculo in\u00e9dito, hecho especialmente para nuestro libro, de los cocineros Germans Torres, en la cesi\u00f3n de una receta y de Albert Adri\u00e0, quien nos ha hecho el pr\u00f3logo.<\/span><\/span><\/p>\n<p><span class=\"jCAhz ChMk0b\"><span class=\"ryNqvb\">Con este libro, las familias y los profesionales que atienden a personas con disfagia descubrir\u00e1n que la alimentaci\u00f3n es un veh\u00edculo para la inclusi\u00f3n, ya que todos y todas tenemos y podemos comer de todo.<\/span><\/span> <span class=\"jCAhz ChMk0b\"><span class=\"ryNqvb\">El libro aporta f\u00f3rmulas para ello.<\/span><\/span><\/p>\n<p><span class=\"jCAhz ChMk0b\"><span class=\"ryNqvb\">Descarga el libro:<\/span><\/span> <span class=\"jCAhz ChMk0b\"><span class=\"ryNqvb\">LIBRO CUINA SIN BARRERAS<\/span><\/span><\/p>\n<p><a href=\"https:\/\/nexefundacio.org\/wp-content\/uploads\/2023\/02\/CocinaSinBarreras-1.pdf\">LIBRO COCINA SIN BARRERAS<\/a><\/p>\n","protected":false},"excerpt":{"rendered":"<p>Descarga el libro:<\/p>\n<p><a href=\"https:\/\/nexefundacio.org\/wp-content\/uploads\/2023\/02\/CocinaSinBarreras-1.pdf\">COCINA SIN BARRERAS<\/a><\/p>\n","protected":false},"featured_media":550837,"template":"","meta":[],"product_brand":[],"product_cat":[108],"product_tag":[],"class_list":{"0":"post-550865","1":"product","2":"type-product","3":"status-publish","4":"has-post-thumbnail","6":"product_cat-libro","8":"first","9":"instock","10":"downloadable","11":"virtual","12":"product-type-simple"},"yoast_head":"<!-- This site is optimized with the Yoast SEO plugin v26.1.1 - https:\/\/yoast.com\/wordpress\/plugins\/seo\/ -->\n<title>LIBRO COCINA SIN BARRERAS (Descarga) - Nexe Fundaci\u00f3<\/title>\n<meta name=\"description\" content=\"En NEXE Fundaci\u00f3 hemos recogido m\u00e1s de 25 a\u00f1os de experiencia en la adaptaci\u00f3n de recetas saludables y sostenibles para ni\u00f1os peque\u00f1os con disfagia.\" \/>\n<meta name=\"robots\" content=\"index, follow, max-snippet:-1, max-image-preview:large, max-video-preview:-1\" \/>\n<link rel=\"canonical\" href=\"https:\/\/nexefundacio.org\/botiga\/llibre-cocina-sin-barreras\/\" \/>\n<meta property=\"og:locale\" content=\"es_ES\" \/>\n<meta property=\"og:type\" content=\"article\" \/>\n<meta property=\"og:title\" content=\"LIBRO COCINA SIN BARRERAS (Descarga) - Nexe Fundaci\u00f3\" \/>\n<meta property=\"og:description\" content=\"En NEXE Fundaci\u00f3 hemos recogido m\u00e1s de 25 a\u00f1os de experiencia en la adaptaci\u00f3n de recetas saludables y sostenibles para ni\u00f1os peque\u00f1os con disfagia.\" \/>\n<meta property=\"og:url\" content=\"https:\/\/nexefundacio.org\/botiga\/llibre-cocina-sin-barreras\/\" \/>\n<meta property=\"og:site_name\" content=\"Nexe Fundaci\u00f3\" \/>\n<meta property=\"article:publisher\" content=\"https:\/\/www.facebook.com\/NexeFundacioPrivada\/\" \/>\n<meta property=\"article:modified_time\" content=\"2023-10-02T14:45:00+00:00\" \/>\n<meta property=\"og:image\" content=\"https:\/\/nexefundacio.org\/wp-content\/uploads\/2023\/02\/portada-llibre-cuina-sense-barreres.jpg\" \/>\n\t<meta property=\"og:image:width\" content=\"574\" \/>\n\t<meta property=\"og:image:height\" content=\"714\" \/>\n\t<meta property=\"og:image:type\" content=\"image\/jpeg\" \/>\n<meta name=\"twitter:card\" content=\"summary_large_image\" \/>\n<meta name=\"twitter:site\" content=\"@nexefundacio\" \/>\n<meta name=\"twitter:label1\" content=\"Tiempo de lectura\" \/>\n\t<meta name=\"twitter:data1\" content=\"1 minuto\" \/>\n<script type=\"application\/ld+json\" class=\"yoast-schema-graph\">{\"@context\":\"https:\/\/schema.org\",\"@graph\":[{\"@type\":\"WebPage\",\"@id\":\"https:\/\/nexefundacio.org\/botiga\/llibre-cocina-sin-barreras\/\",\"url\":\"https:\/\/nexefundacio.org\/botiga\/llibre-cocina-sin-barreras\/\",\"name\":\"LIBRO COCINA SIN BARRERAS (Descarga) - Nexe Fundaci\u00f3\",\"isPartOf\":{\"@id\":\"https:\/\/nexefundacio.org\/#website\"},\"primaryImageOfPage\":{\"@id\":\"https:\/\/nexefundacio.org\/botiga\/llibre-cocina-sin-barreras\/#primaryimage\"},\"image\":{\"@id\":\"https:\/\/nexefundacio.org\/botiga\/llibre-cocina-sin-barreras\/#primaryimage\"},\"thumbnailUrl\":\"https:\/\/nexefundacio.org\/wp-content\/uploads\/2023\/02\/portada-llibre-cuina-sense-barreres.jpg\",\"datePublished\":\"2023-02-24T13:36:03+00:00\",\"dateModified\":\"2023-10-02T14:45:00+00:00\",\"description\":\"En NEXE Fundaci\u00f3 hemos recogido m\u00e1s de 25 a\u00f1os de experiencia en la adaptaci\u00f3n de recetas saludables y sostenibles para ni\u00f1os peque\u00f1os con disfagia.\",\"breadcrumb\":{\"@id\":\"https:\/\/nexefundacio.org\/botiga\/llibre-cocina-sin-barreras\/#breadcrumb\"},\"inLanguage\":\"es\",\"potentialAction\":[{\"@type\":\"ReadAction\",\"target\":[\"https:\/\/nexefundacio.org\/botiga\/llibre-cocina-sin-barreras\/\"]}]},{\"@type\":\"ImageObject\",\"inLanguage\":\"es\",\"@id\":\"https:\/\/nexefundacio.org\/botiga\/llibre-cocina-sin-barreras\/#primaryimage\",\"url\":\"https:\/\/nexefundacio.org\/wp-content\/uploads\/2023\/02\/portada-llibre-cuina-sense-barreres.jpg\",\"contentUrl\":\"https:\/\/nexefundacio.org\/wp-content\/uploads\/2023\/02\/portada-llibre-cuina-sense-barreres.jpg\",\"width\":574,\"height\":714},{\"@type\":\"BreadcrumbList\",\"@id\":\"https:\/\/nexefundacio.org\/botiga\/llibre-cocina-sin-barreras\/#breadcrumb\",\"itemListElement\":[{\"@type\":\"ListItem\",\"position\":1,\"name\":\"Inici\",\"item\":\"https:\/\/nexefundacio.org\/es\/\"},{\"@type\":\"ListItem\",\"position\":2,\"name\":\"Tienda\",\"item\":\"https:\/\/nexefundacio.org\/es\/tienda\/\"},{\"@type\":\"ListItem\",\"position\":3,\"name\":\"LIBRO COCINA SIN BARRERAS (Descarga)\"}]},{\"@type\":\"WebSite\",\"@id\":\"https:\/\/nexefundacio.org\/#website\",\"url\":\"https:\/\/nexefundacio.org\/\",\"name\":\"Nexe Fundaci\u00f3\",\"description\":\"Acompa\u00f1amos la infancia con pluridiscapacidad\",\"publisher\":{\"@id\":\"https:\/\/nexefundacio.org\/#organization\"},\"potentialAction\":[{\"@type\":\"SearchAction\",\"target\":{\"@type\":\"EntryPoint\",\"urlTemplate\":\"https:\/\/nexefundacio.org\/?s={search_term_string}\"},\"query-input\":{\"@type\":\"PropertyValueSpecification\",\"valueRequired\":true,\"valueName\":\"search_term_string\"}}],\"inLanguage\":\"es\"},{\"@type\":\"Organization\",\"@id\":\"https:\/\/nexefundacio.org\/#organization\",\"name\":\"Nexe Fundaci\u00f3\",\"url\":\"https:\/\/nexefundacio.org\/\",\"logo\":{\"@type\":\"ImageObject\",\"inLanguage\":\"es\",\"@id\":\"https:\/\/nexefundacio.org\/#\/schema\/logo\/image\/\",\"url\":\"https:\/\/nexefundacio.org\/wp-content\/uploads\/2021\/05\/Nexe-Fundacio.png\",\"contentUrl\":\"https:\/\/nexefundacio.org\/wp-content\/uploads\/2021\/05\/Nexe-Fundacio.png\",\"width\":300,\"height\":126,\"caption\":\"Nexe Fundaci\u00f3\"},\"image\":{\"@id\":\"https:\/\/nexefundacio.org\/#\/schema\/logo\/image\/\"},\"sameAs\":[\"https:\/\/www.facebook.com\/NexeFundacioPrivada\/\",\"https:\/\/x.com\/nexefundacio\",\"https:\/\/www.instagram.com\/nexefundacio\/\",\"https:\/\/www.linkedin.com\/company\/nexe-fundacio\/\",\"https:\/\/www.youtube.com\/user\/MoutePelsQuiets\"]}]}<\/script>\n<!-- \/ Yoast SEO plugin. -->","yoast_head_json":{"title":"LIBRO COCINA SIN BARRERAS (Descarga) - Nexe Fundaci\u00f3","description":"En NEXE Fundaci\u00f3 hemos recogido m\u00e1s de 25 a\u00f1os de experiencia en la adaptaci\u00f3n de recetas saludables y sostenibles para ni\u00f1os peque\u00f1os con disfagia.","robots":{"index":"index","follow":"follow","max-snippet":"max-snippet:-1","max-image-preview":"max-image-preview:large","max-video-preview":"max-video-preview:-1"},"canonical":"https:\/\/nexefundacio.org\/botiga\/llibre-cocina-sin-barreras\/","og_locale":"es_ES","og_type":"article","og_title":"LIBRO COCINA SIN BARRERAS (Descarga) - Nexe Fundaci\u00f3","og_description":"En NEXE Fundaci\u00f3 hemos recogido m\u00e1s de 25 a\u00f1os de experiencia en la adaptaci\u00f3n de recetas saludables y sostenibles para ni\u00f1os peque\u00f1os con disfagia.","og_url":"https:\/\/nexefundacio.org\/botiga\/llibre-cocina-sin-barreras\/","og_site_name":"Nexe Fundaci\u00f3","article_publisher":"https:\/\/www.facebook.com\/NexeFundacioPrivada\/","article_modified_time":"2023-10-02T14:45:00+00:00","og_image":[{"width":574,"height":714,"url":"https:\/\/nexefundacio.org\/wp-content\/uploads\/2023\/02\/portada-llibre-cuina-sense-barreres.jpg","type":"image\/jpeg"}],"twitter_card":"summary_large_image","twitter_site":"@nexefundacio","twitter_misc":{"Tiempo de lectura":"1 minuto"},"schema":{"@context":"https:\/\/schema.org","@graph":[{"@type":"WebPage","@id":"https:\/\/nexefundacio.org\/botiga\/llibre-cocina-sin-barreras\/","url":"https:\/\/nexefundacio.org\/botiga\/llibre-cocina-sin-barreras\/","name":"LIBRO COCINA SIN BARRERAS (Descarga) - Nexe Fundaci\u00f3","isPartOf":{"@id":"https:\/\/nexefundacio.org\/#website"},"primaryImageOfPage":{"@id":"https:\/\/nexefundacio.org\/botiga\/llibre-cocina-sin-barreras\/#primaryimage"},"image":{"@id":"https:\/\/nexefundacio.org\/botiga\/llibre-cocina-sin-barreras\/#primaryimage"},"thumbnailUrl":"https:\/\/nexefundacio.org\/wp-content\/uploads\/2023\/02\/portada-llibre-cuina-sense-barreres.jpg","datePublished":"2023-02-24T13:36:03+00:00","dateModified":"2023-10-02T14:45:00+00:00","description":"En NEXE Fundaci\u00f3 hemos recogido m\u00e1s de 25 a\u00f1os de experiencia en la adaptaci\u00f3n de recetas saludables y sostenibles para ni\u00f1os peque\u00f1os con disfagia.","breadcrumb":{"@id":"https:\/\/nexefundacio.org\/botiga\/llibre-cocina-sin-barreras\/#breadcrumb"},"inLanguage":"es","potentialAction":[{"@type":"ReadAction","target":["https:\/\/nexefundacio.org\/botiga\/llibre-cocina-sin-barreras\/"]}]},{"@type":"ImageObject","inLanguage":"es","@id":"https:\/\/nexefundacio.org\/botiga\/llibre-cocina-sin-barreras\/#primaryimage","url":"https:\/\/nexefundacio.org\/wp-content\/uploads\/2023\/02\/portada-llibre-cuina-sense-barreres.jpg","contentUrl":"https:\/\/nexefundacio.org\/wp-content\/uploads\/2023\/02\/portada-llibre-cuina-sense-barreres.jpg","width":574,"height":714},{"@type":"BreadcrumbList","@id":"https:\/\/nexefundacio.org\/botiga\/llibre-cocina-sin-barreras\/#breadcrumb","itemListElement":[{"@type":"ListItem","position":1,"name":"Inici","item":"https:\/\/nexefundacio.org\/es\/"},{"@type":"ListItem","position":2,"name":"Tienda","item":"https:\/\/nexefundacio.org\/es\/tienda\/"},{"@type":"ListItem","position":3,"name":"LIBRO COCINA SIN BARRERAS (Descarga)"}]},{"@type":"WebSite","@id":"https:\/\/nexefundacio.org\/#website","url":"https:\/\/nexefundacio.org\/","name":"Nexe Fundaci\u00f3","description":"Acompa\u00f1amos la infancia con pluridiscapacidad","publisher":{"@id":"https:\/\/nexefundacio.org\/#organization"},"potentialAction":[{"@type":"SearchAction","target":{"@type":"EntryPoint","urlTemplate":"https:\/\/nexefundacio.org\/?s={search_term_string}"},"query-input":{"@type":"PropertyValueSpecification","valueRequired":true,"valueName":"search_term_string"}}],"inLanguage":"es"},{"@type":"Organization","@id":"https:\/\/nexefundacio.org\/#organization","name":"Nexe Fundaci\u00f3","url":"https:\/\/nexefundacio.org\/","logo":{"@type":"ImageObject","inLanguage":"es","@id":"https:\/\/nexefundacio.org\/#\/schema\/logo\/image\/","url":"https:\/\/nexefundacio.org\/wp-content\/uploads\/2021\/05\/Nexe-Fundacio.png","contentUrl":"https:\/\/nexefundacio.org\/wp-content\/uploads\/2021\/05\/Nexe-Fundacio.png","width":300,"height":126,"caption":"Nexe Fundaci\u00f3"},"image":{"@id":"https:\/\/nexefundacio.org\/#\/schema\/logo\/image\/"},"sameAs":["https:\/\/www.facebook.com\/NexeFundacioPrivada\/","https:\/\/x.com\/nexefundacio","https:\/\/www.instagram.com\/nexefundacio\/","https:\/\/www.linkedin.com\/company\/nexe-fundacio\/","https:\/\/www.youtube.com\/user\/MoutePelsQuiets"]}]}},"_links":{"self":[{"href":"https:\/\/nexefundacio.org\/es\/wp-json\/wp\/v2\/product\/550865","targetHints":{"allow":["GET"]}}],"collection":[{"href":"https:\/\/nexefundacio.org\/es\/wp-json\/wp\/v2\/product"}],"about":[{"href":"https:\/\/nexefundacio.org\/es\/wp-json\/wp\/v2\/types\/product"}],"wp:featuredmedia":[{"embeddable":true,"href":"https:\/\/nexefundacio.org\/es\/wp-json\/wp\/v2\/media\/550837"}],"wp:attachment":[{"href":"https:\/\/nexefundacio.org\/es\/wp-json\/wp\/v2\/media?parent=550865"}],"wp:term":[{"taxonomy":"product_brand","embeddable":true,"href":"https:\/\/nexefundacio.org\/es\/wp-json\/wp\/v2\/product_brand?post=550865"},{"taxonomy":"product_cat","embeddable":true,"href":"https:\/\/nexefundacio.org\/es\/wp-json\/wp\/v2\/product_cat?post=550865"},{"taxonomy":"product_tag","embeddable":true,"href":"https:\/\/nexefundacio.org\/es\/wp-json\/wp\/v2\/product_tag?post=550865"}],"curies":[{"name":"wp","href":"https:\/\/api.w.org\/{rel}","templated":true}]}}

<p><span class="jCAhz ChMk0b"><span class="ryNqvb">En Nexe Fundació hemos recogido nuestra experiencia de más de 25 años en la innovación de recetas adaptadas, saludables y sostenibles para la pequeña infancia con grandes necesidades de soporte que presenta disfagia.</span></span></p>
<p><span class="jCAhz ChMk0b"><span class="ryNqvb">Para la elaboración de este libro, hemos contado con la participación del Dr.</span></span> <span class="jCAhz ChMk0b"><span class="ryNqvb">Pinillos, de Quirón Salud, con un artículo inédito, hecho especialmente para nuestro libro, de los cocineros Germans Torres, en la cesión de una receta y de Albert Adrià, quien nos ha hecho el prólogo.</span></span></p>
<p><span class="jCAhz ChMk0b"><span class="ryNqvb">Con este libro, las familias y los profesionales que atienden a personas con disfagia descubrirán que la alimentación es un vehículo para la inclusión, ya que todos y todas tenemos y podemos comer de todo.</span></span> <span class="jCAhz ChMk0b"><span class="ryNqvb">El libro aporta fórmulas para ello.</span></span></p>
<p><span class="jCAhz ChMk0b"><span class="ryNqvb">Descarga el libro:</span></span> <span class="jCAhz ChMk0b"><span class="ryNqvb">LIBRO CUINA SIN BARRERAS</span></span></p>
<p><a href="https://nexefundacio.org/wp-content/uploads/2023/02/CocinaSinBarreras-1.pdf">LIBRO COCINA SIN BARRERAS</a></p>

<!-- This site is optimized with the Yoast SEO plugin v26.1.1 - https://yoast.com/wordpress/plugins/seo/ -->
<title>LIBRO COCINA SIN BARRERAS (Descarga) - Nexe Fundació</title>
<meta name="description" content="En NEXE Fundació hemos recogido más de 25 años de experiencia en la adaptación de recetas saludables y sostenibles para niños pequeños con disfagia." />
<meta name="robots" content="index, follow, max-snippet:-1, max-image-preview:large, max-video-preview:-1" />
<link rel="canonical" href="https://nexefundacio.org/botiga/llibre-cocina-sin-barreras/" />
<meta property="og:locale" content="es_ES" />
<meta property="og:type" content="article" />
<meta property="og:title" content="LIBRO COCINA SIN BARRERAS (Descarga) - Nexe Fundació" />
<meta property="og:description" content="En NEXE Fundació hemos recogido más de 25 años de experiencia en la adaptación de recetas saludables y sostenibles para niños pequeños con disfagia." />
<meta property="og:url" content="https://nexefundacio.org/botiga/llibre-cocina-sin-barreras/" />
<meta property="og:site_name" content="Nexe Fundació" />
<meta property="article:publisher" content="https://www.facebook.com/NexeFundacioPrivada/" />
<meta property="article:modified_time" content="2023-10-02T14:45:00+00:00" />
<meta property="og:image" content="https://nexefundacio.org/wp-content/uploads/2023/02/portada-llibre-cuina-sense-barreres.jpg" />
	<meta property="og:image:width" content="574" />
	<meta property="og:image:height" content="714" />
	<meta property="og:image:type" content="image/jpeg" />
<meta name="twitter:card" content="summary_large_image" />
<meta name="twitter:site" content="@nexefundacio" />
<meta name="twitter:label1" content="Tiempo de lectura" />
	<meta name="twitter:data1" content="1 minuto" />
<script type="application/ld+json" class="yoast-schema-graph">{"@context":"https://schema.org","@graph":[{"@type":"WebPage","@id":"https://nexefundacio.org/botiga/llibre-cocina-sin-barreras/","url":"https://nexefundacio.org/botiga/llibre-cocina-sin-barreras/","name":"LIBRO COCINA SIN BARRERAS (Descarga) - Nexe Fundació","isPartOf":{"@id":"https://nexefundacio.org/#website"},"primaryImageOfPage":{"@id":"https://nexefundacio.org/botiga/llibre-cocina-sin-barreras/#primaryimage"},"image":{"@id":"https://nexefundacio.org/botiga/llibre-cocina-sin-barreras/#primaryimage"},"thumbnailUrl":"https://nexefundacio.org/wp-content/uploads/2023/02/portada-llibre-cuina-sense-barreres.jpg","datePublished":"2023-02-24T13:36:03+00:00","dateModified":"2023-10-02T14:45:00+00:00","description":"En NEXE Fundació hemos recogido más de 25 años de experiencia en la adaptación de recetas saludables y sostenibles para niños pequeños con disfagia.","breadcrumb":{"@id":"https://nexefundacio.org/botiga/llibre-cocina-sin-barreras/#breadcrumb"},"inLanguage":"es","potentialAction":[{"@type":"ReadAction","target":["https://nexefundacio.org/botiga/llibre-cocina-sin-barreras/"]}]},{"@type":"ImageObject","inLanguage":"es","@id":"https://nexefundacio.org/botiga/llibre-cocina-sin-barreras/#primaryimage","url":"https://nexefundacio.org/wp-content/uploads/2023/02/portada-llibre-cuina-sense-barreres.jpg","contentUrl":"https://nexefundacio.org/wp-content/uploads/2023/02/portada-llibre-cuina-sense-barreres.jpg","width":574,"height":714},{"@type":"BreadcrumbList","@id":"https://nexefundacio.org/botiga/llibre-cocina-sin-barreras/#breadcrumb","itemListElement":[{"@type":"ListItem","position":1,"name":"Inici","item":"https://nexefundacio.org/es/"},{"@type":"ListItem","position":2,"name":"Tienda","item":"https://nexefundacio.org/es/tienda/"},{"@type":"ListItem","position":3,"name":"LIBRO COCINA SIN BARRERAS (Descarga)"}]},{"@type":"WebSite","@id":"https://nexefundacio.org/#website","url":"https://nexefundacio.org/","name":"Nexe Fundació","description":"Acompañamos la infancia con pluridiscapacidad","publisher":{"@id":"https://nexefundacio.org/#organization"},"potentialAction":[{"@type":"SearchAction","target":{"@type":"EntryPoint","urlTemplate":"https://nexefundacio.org/?s={search_term_string}"},"query-input":{"@type":"PropertyValueSpecification","valueRequired":true,"valueName":"search_term_string"}}],"inLanguage":"es"},{"@type":"Organization","@id":"https://nexefundacio.org/#organization","name":"Nexe Fundació","url":"https://nexefundacio.org/","logo":{"@type":"ImageObject","inLanguage":"es","@id":"https://nexefundacio.org/#/schema/logo/image/","url":"https://nexefundacio.org/wp-content/uploads/2021/05/Nexe-Fundacio.png","contentUrl":"https://nexefundacio.org/wp-content/uploads/2021/05/Nexe-Fundacio.png","width":300,"height":126,"caption":"Nexe Fundació"},"image":{"@id":"https://nexefundacio.org/#/schema/logo/image/"},"sameAs":["https://www.facebook.com/NexeFundacioPrivada/","https://x.com/nexefundacio","https://www.instagram.com/nexefundacio/","https://www.linkedin.com/company/nexe-fundacio/","https://www.youtube.com/user/MoutePelsQuiets"]}]}</script>
<!-- / Yoast SEO plugin. -->

LIBRO COCINA SIN BARRERAS (Descarga) - Nexe Fundació

En NEXE Fundació hemos recogido más de 25 años de experiencia en la adaptación de recetas saludables y sostenibles para niños pequeños con disfagia.

Nexe Fundació

Acompañamos la infancia con pluridiscapacidad
